{"id":8718,"date":"2023-01-10T10:01:58","date_gmt":"2023-01-10T10:01:58","guid":{"rendered":"https:\/\/trasimenomusicfestival.com\/?post_type=tribe_events&#038;p=8718"},"modified":"2023-06-27T11:56:12","modified_gmt":"2023-06-27T10:56:12","slug":"pre-festival-concert-23","status":"publish","type":"tribe_events","link":"https:\/\/trasimenomusicfestival.com\/it\/event\/pre-festival-concert-23\/","title":{"rendered":"Anteprima festival"},"content":{"rendered":"<span style=\"color:#741213;\">SOLD OUT<\/span><\/p>\n<p>Bradley Smith, tenore<br \/>\nSamuele Telari, fisarmonica<br \/>\nAngela Hewitt, pianoforte<\/p>\n<p><em>Musiche di Schubert, Liszt e canzoni d&#8217;amore italiane e inglesi<\/em><\/p>\n<p>Ormai appuntamento fisso nel palinsesto del Trasimeno Music Festival, il borgo di San Savino accoglie generosamente il nostro pubblico per un concerto gratuito la sera prima dell&#8217;inizio ufficiale della manifestazione. Nella piazzetta che si affaccia sul Lago Trasimeno, presentiamo giovani artisti, dando loro la possibilit\u00e0 di condividere con tutti noi il proprio talento. Il tenore inglese Bradley Smith eseguir\u00e0 brani di Schubert e del repertorio inglese con la direttrice artistica del festival, Angela Hewitt, e si esibir\u00e0 anche con Samuele Telari, brillante giovane fisarmonicista spoletino, ora residente a Perugia. Samuele mostrer\u00e0 la sua straordinaria abilit\u00e0 in un arrangiamento de \u201cLa Campanella\u201d di Liszt. \u00c8 un&#8217;ottima occasione per rivedere i nostri amici provenienti da tutto il mondo, prima che inizi il turbinio di emozioni del festival!<\/p>\n<p>Ingresso libero &#8211; Prenotazione obbligatoria, fino ad esaurimento posti.<br \/>\nEmail: info@trasimenomusicfestival.com \/ Tel: Maria Beneduce +39 393 9458554","protected":false},"excerpt":{"rendered":"<p>Bradley Smith, tenore<br \/>\nSamuele Telari, fisarmonica<br \/>\nAngela Hewitt, pianoforte<br \/>\n<em>Schubert, Liszt, canzoni d&#8217;amore italiane e inglesi<\/em><\/p>\n<a class=\"readmore\" href=\"https:\/\/trasimenomusicfestival.com\/it\/event\/pre-festival-concert-23\/\"><span>leggi tutto<\/span><\/a>","protected":false},"author":2,"featured_media":8733,"comment_status":"closed","ping_status":"closed","template":"","meta":{"_monsterinsights_skip_tracking":false,"_monsterinsights_sitenote_active":false,"_monsterinsights_sitenote_note":"","_monsterinsights_sitenote_category":0,"_tribe_events_status":"","_tribe_events_status_reason":"","footnotes":""},"tags":[],"tribe_events_cat":[135],"class_list":["post-8718","tribe_events","type-tribe_events","status-publish","has-post-thumbnail","hentry","tribe_events_cat-trasimeno-2023-pre","cat_trasimeno-2023-pre"],"yoast_head":"<!-- This site is optimized with the Yoast SEO plugin v27.5 - https:\/\/yoast.com\/product\/yoast-seo-wordpress\/ -->\n<title>Pre-Festival Concert- Trasimeno Music Festival<\/title>\n<meta name=\"description\" content=\"Bradley Smith, tenor; Samuele Telari, accordion; Angela Hewitt, piano \/ Schubert, Liszt, Italian and English songs\" \/>\n<meta name=\"robots\" content=\"index, follow, max-snippet:-1, max-image-preview:large, max-video-preview:-1\" \/>\n<link rel=\"canonical\" href=\"https:\/\/trasimenomusicfestival.com\/event\/pre-festival-concert-23\/\" \/>\n<meta name=\"twitter:card\" content=\"summary_large_image\" \/>\n<meta name=\"twitter:title\" content=\"Pre-Festival Concert- Trasimeno Music Festival\" \/>\n<meta name=\"twitter:description\" content=\"Bradley Smith, tenor; Samuele Telari, accordion; Angela Hewitt, piano \/ Schubert, Liszt, Italian and English songs\" \/>\n<meta name=\"twitter:image\" content=\"https:\/\/trasimenomusicfestival.com\/os\/wp-content\/uploads\/2023\/01\/TMF23_09-San-Savino-pre-festival.jpg\" \/>\n<meta name=\"twitter:site\" content=\"@TrasimenoMusic\" \/>\n<meta name=\"twitter:label1\" content=\"Tempo di lettura stimato\" \/>\n\t<meta name=\"twitter:data1\" content=\"2 minuti\" \/>\n<script type=\"application\/ld+json\" class=\"yoast-schema-graph\">{\"@context\":\"https:\\\/\\\/schema.org\",\"@graph\":[{\"@type\":\"WebPage\",\"@id\":\"https:\\\/\\\/trasimenomusicfestival.com\\\/event\\\/pre-festival-concert-23\\\/\",\"url\":\"https:\\\/\\\/trasimenomusicfestival.com\\\/event\\\/pre-festival-concert-23\\\/\",\"name\":\"Pre-Festival Concert- Trasimeno Music Festival\",\"isPartOf\":{\"@id\":\"https:\\\/\\\/trasimenomusicfestival.com\\\/#website\"},\"primaryImageOfPage\":{\"@id\":\"https:\\\/\\\/trasimenomusicfestival.com\\\/event\\\/pre-festival-concert-23\\\/#primaryimage\"},\"image\":{\"@id\":\"https:\\\/\\\/trasimenomusicfestival.com\\\/event\\\/pre-festival-concert-23\\\/#primaryimage\"},\"thumbnailUrl\":\"https:\\\/\\\/trasimenomusicfestival.com\\\/os\\\/wp-content\\\/uploads\\\/2023\\\/01\\\/TMF23_09-San-Savino-pre-festival.jpg\",\"datePublished\":\"2023-01-10T10:01:58+00:00\",\"dateModified\":\"2023-06-27T10:56:12+00:00\",\"description\":\"Bradley Smith, tenor; Samuele Telari, accordion; Angela Hewitt, piano \\\/ Schubert, Liszt, Italian and English songs\",\"breadcrumb\":{\"@id\":\"https:\\\/\\\/trasimenomusicfestival.com\\\/event\\\/pre-festival-concert-23\\\/#breadcrumb\"},\"inLanguage\":\"it-IT\",\"potentialAction\":[{\"@type\":\"ReadAction\",\"target\":[\"https:\\\/\\\/trasimenomusicfestival.com\\\/event\\\/pre-festival-concert-23\\\/\"]}]},{\"@type\":\"ImageObject\",\"inLanguage\":\"it-IT\",\"@id\":\"https:\\\/\\\/trasimenomusicfestival.com\\\/event\\\/pre-festival-concert-23\\\/#primaryimage\",\"url\":\"https:\\\/\\\/trasimenomusicfestival.com\\\/os\\\/wp-content\\\/uploads\\\/2023\\\/01\\\/TMF23_09-San-Savino-pre-festival.jpg\",\"contentUrl\":\"https:\\\/\\\/trasimenomusicfestival.com\\\/os\\\/wp-content\\\/uploads\\\/2023\\\/01\\\/TMF23_09-San-Savino-pre-festival.jpg\",\"width\":640,\"height\":280},{\"@type\":\"BreadcrumbList\",\"@id\":\"https:\\\/\\\/trasimenomusicfestival.com\\\/event\\\/pre-festival-concert-23\\\/#breadcrumb\",\"itemListElement\":[{\"@type\":\"ListItem\",\"position\":1,\"name\":\"Home\",\"item\":\"https:\\\/\\\/trasimenomusicfestival.com\\\/\"},{\"@type\":\"ListItem\",\"position\":2,\"name\":\"Events\",\"item\":\"https:\\\/\\\/trasimenomusicfestival.com\\\/it\\\/events\\\/\"},{\"@type\":\"ListItem\",\"position\":3,\"name\":\"Pre-Festival Concert\"}]},{\"@type\":\"WebSite\",\"@id\":\"https:\\\/\\\/trasimenomusicfestival.com\\\/#website\",\"url\":\"https:\\\/\\\/trasimenomusicfestival.com\\\/\",\"name\":\"Trasimeno Music Festival\",\"description\":\"Concerti estivi in Umbria e sulle rive del Lago Trasimeno.\",\"publisher\":{\"@id\":\"https:\\\/\\\/trasimenomusicfestival.com\\\/#organization\"},\"potentialAction\":[{\"@type\":\"SearchAction\",\"target\":{\"@type\":\"EntryPoint\",\"urlTemplate\":\"https:\\\/\\\/trasimenomusicfestival.com\\\/?s={search_term_string}\"},\"query-input\":{\"@type\":\"PropertyValueSpecification\",\"valueRequired\":true,\"valueName\":\"search_term_string\"}}],\"inLanguage\":\"it-IT\"},{\"@type\":\"Organization\",\"@id\":\"https:\\\/\\\/trasimenomusicfestival.com\\\/#organization\",\"name\":\"Trasimeno Music Festival\",\"url\":\"https:\\\/\\\/trasimenomusicfestival.com\\\/\",\"logo\":{\"@type\":\"ImageObject\",\"inLanguage\":\"it-IT\",\"@id\":\"https:\\\/\\\/trasimenomusicfestival.com\\\/#\\\/schema\\\/logo\\\/image\\\/\",\"url\":\"https:\\\/\\\/trasimenomusicfestival.com\\\/os\\\/wp-content\\\/uploads\\\/2018\\\/08\\\/TMF-logo.jpg\",\"contentUrl\":\"https:\\\/\\\/trasimenomusicfestival.com\\\/os\\\/wp-content\\\/uploads\\\/2018\\\/08\\\/TMF-logo.jpg\",\"width\":1280,\"height\":854,\"caption\":\"Trasimeno Music Festival\"},\"image\":{\"@id\":\"https:\\\/\\\/trasimenomusicfestival.com\\\/#\\\/schema\\\/logo\\\/image\\\/\"},\"sameAs\":[\"https:\\\/\\\/www.facebook.com\\\/pages\\\/Trasimeno-Music-Festival\\\/133308716785209\",\"https:\\\/\\\/x.com\\\/TrasimenoMusic\",\"https:\\\/\\\/www.youtube.com\\\/channel\\\/UC-FOdrJ8yYapx2cweIM3fYA\"]}]}<\/script>\n<!-- \/ Yoast SEO plugin. -->","yoast_head_json":{"title":"Pre-Festival Concert- Trasimeno Music Festival","description":"Bradley Smith, tenor; Samuele Telari, accordion; Angela Hewitt, piano \/ Schubert, Liszt, Italian and English songs","robots":{"index":"index","follow":"follow","max-snippet":"max-snippet:-1","max-image-preview":"max-image-preview:large","max-video-preview":"max-video-preview:-1"},"canonical":"https:\/\/trasimenomusicfestival.com\/event\/pre-festival-concert-23\/","twitter_card":"summary_large_image","twitter_title":"Pre-Festival Concert- Trasimeno Music Festival","twitter_description":"Bradley Smith, tenor; Samuele Telari, accordion; Angela Hewitt, piano \/ Schubert, Liszt, Italian and English songs","twitter_image":"https:\/\/trasimenomusicfestival.com\/os\/wp-content\/uploads\/2023\/01\/TMF23_09-San-Savino-pre-festival.jpg","twitter_site":"@TrasimenoMusic","twitter_misc":{"Tempo di lettura stimato":"2 minuti"},"schema":{"@context":"https:\/\/schema.org","@graph":[{"@type":"WebPage","@id":"https:\/\/trasimenomusicfestival.com\/event\/pre-festival-concert-23\/","url":"https:\/\/trasimenomusicfestival.com\/event\/pre-festival-concert-23\/","name":"Pre-Festival Concert- Trasimeno Music Festival","isPartOf":{"@id":"https:\/\/trasimenomusicfestival.com\/#website"},"primaryImageOfPage":{"@id":"https:\/\/trasimenomusicfestival.com\/event\/pre-festival-concert-23\/#primaryimage"},"image":{"@id":"https:\/\/trasimenomusicfestival.com\/event\/pre-festival-concert-23\/#primaryimage"},"thumbnailUrl":"https:\/\/trasimenomusicfestival.com\/os\/wp-content\/uploads\/2023\/01\/TMF23_09-San-Savino-pre-festival.jpg","datePublished":"2023-01-10T10:01:58+00:00","dateModified":"2023-06-27T10:56:12+00:00","description":"Bradley Smith, tenor; Samuele Telari, accordion; Angela Hewitt, piano \/ Schubert, Liszt, Italian and English songs","breadcrumb":{"@id":"https:\/\/trasimenomusicfestival.com\/event\/pre-festival-concert-23\/#breadcrumb"},"inLanguage":"it-IT","potentialAction":[{"@type":"ReadAction","target":["https:\/\/trasimenomusicfestival.com\/event\/pre-festival-concert-23\/"]}]},{"@type":"ImageObject","inLanguage":"it-IT","@id":"https:\/\/trasimenomusicfestival.com\/event\/pre-festival-concert-23\/#primaryimage","url":"https:\/\/trasimenomusicfestival.com\/os\/wp-content\/uploads\/2023\/01\/TMF23_09-San-Savino-pre-festival.jpg","contentUrl":"https:\/\/trasimenomusicfestival.com\/os\/wp-content\/uploads\/2023\/01\/TMF23_09-San-Savino-pre-festival.jpg","width":640,"height":280},{"@type":"BreadcrumbList","@id":"https:\/\/trasimenomusicfestival.com\/event\/pre-festival-concert-23\/#breadcrumb","itemListElement":[{"@type":"ListItem","position":1,"name":"Home","item":"https:\/\/trasimenomusicfestival.com\/"},{"@type":"ListItem","position":2,"name":"Events","item":"https:\/\/trasimenomusicfestival.com\/it\/events\/"},{"@type":"ListItem","position":3,"name":"Pre-Festival Concert"}]},{"@type":"WebSite","@id":"https:\/\/trasimenomusicfestival.com\/#website","url":"https:\/\/trasimenomusicfestival.com\/","name":"Trasimeno Music Festival","description":"Concerti estivi in Umbria e sulle rive del Lago Trasimeno.","publisher":{"@id":"https:\/\/trasimenomusicfestival.com\/#organization"},"potentialAction":[{"@type":"SearchAction","target":{"@type":"EntryPoint","urlTemplate":"https:\/\/trasimenomusicfestival.com\/?s={search_term_string}"},"query-input":{"@type":"PropertyValueSpecification","valueRequired":true,"valueName":"search_term_string"}}],"inLanguage":"it-IT"},{"@type":"Organization","@id":"https:\/\/trasimenomusicfestival.com\/#organization","name":"Trasimeno Music Festival","url":"https:\/\/trasimenomusicfestival.com\/","logo":{"@type":"ImageObject","inLanguage":"it-IT","@id":"https:\/\/trasimenomusicfestival.com\/#\/schema\/logo\/image\/","url":"https:\/\/trasimenomusicfestival.com\/os\/wp-content\/uploads\/2018\/08\/TMF-logo.jpg","contentUrl":"https:\/\/trasimenomusicfestival.com\/os\/wp-content\/uploads\/2018\/08\/TMF-logo.jpg","width":1280,"height":854,"caption":"Trasimeno Music Festival"},"image":{"@id":"https:\/\/trasimenomusicfestival.com\/#\/schema\/logo\/image\/"},"sameAs":["https:\/\/www.facebook.com\/pages\/Trasimeno-Music-Festival\/133308716785209","https:\/\/x.com\/TrasimenoMusic","https:\/\/www.youtube.com\/channel\/UC-FOdrJ8yYapx2cweIM3fYA"]}]}},"_links":{"self":[{"href":"https:\/\/trasimenomusicfestival.com\/it\/wp-json\/wp\/v2\/tribe_events\/8718","targetHints":{"allow":["GET"]}}],"collection":[{"href":"https:\/\/trasimenomusicfestival.com\/it\/wp-json\/wp\/v2\/tribe_events"}],"about":[{"href":"https:\/\/trasimenomusicfestival.com\/it\/wp-json\/wp\/v2\/types\/tribe_events"}],"author":[{"embeddable":true,"href":"https:\/\/trasimenomusicfestival.com\/it\/wp-json\/wp\/v2\/users\/2"}],"replies":[{"embeddable":true,"href":"https:\/\/trasimenomusicfestival.com\/it\/wp-json\/wp\/v2\/comments?post=8718"}],"version-history":[{"count":4,"href":"https:\/\/trasimenomusicfestival.com\/it\/wp-json\/wp\/v2\/tribe_events\/8718\/revisions"}],"predecessor-version":[{"id":9458,"href":"https:\/\/trasimenomusicfestival.com\/it\/wp-json\/wp\/v2\/tribe_events\/8718\/revisions\/9458"}],"wp:featuredmedia":[{"embeddable":true,"href":"https:\/\/trasimenomusicfestival.com\/it\/wp-json\/wp\/v2\/media\/8733"}],"wp:attachment":[{"href":"https:\/\/trasimenomusicfestival.com\/it\/wp-json\/wp\/v2\/media?parent=8718"}],"wp:term":[{"taxonomy":"post_tag","embeddable":true,"href":"https:\/\/trasimenomusicfestival.com\/it\/wp-json\/wp\/v2\/tags?post=8718"},{"taxonomy":"tribe_events_cat","embeddable":true,"href":"https:\/\/trasimenomusicfestival.com\/it\/wp-json\/wp\/v2\/tribe_events_cat?post=8718"}],"curies":[{"name":"wp","href":"https:\/\/api.w.org\/{rel}","templated":true}]}}

<span style="color:#741213;">SOLD OUT</span></p>
<p>Bradley Smith, tenore<br />
Samuele Telari, fisarmonica<br />
Angela Hewitt, pianoforte</p>
<p><em>Musiche di Schubert, Liszt e canzoni d&#8217;amore italiane e inglesi</em></p>
<p>Ormai appuntamento fisso nel palinsesto del Trasimeno Music Festival, il borgo di San Savino accoglie generosamente il nostro pubblico per un concerto gratuito la sera prima dell&#8217;inizio ufficiale della manifestazione. Nella piazzetta che si affaccia sul Lago Trasimeno, presentiamo giovani artisti, dando loro la possibilità di condividere con tutti noi il proprio talento. Il tenore inglese Bradley Smith eseguirà brani di Schubert e del repertorio inglese con la direttrice artistica del festival, Angela Hewitt, e si esibirà anche con Samuele Telari, brillante giovane fisarmonicista spoletino, ora residente a Perugia. Samuele mostrerà la sua straordinaria abilità in un arrangiamento de “La Campanella” di Liszt. È un&#8217;ottima occasione per rivedere i nostri amici provenienti da tutto il mondo, prima che inizi il turbinio di emozioni del festival!</p>
<p>Ingresso libero &#8211; Prenotazione obbligatoria, fino ad esaurimento posti.<br />
Email: info@trasimenomusicfestival.com / Tel: Maria Beneduce +39 393 9458554
