{"id":8716,"date":"2023-01-10T09:46:43","date_gmt":"2023-01-10T09:46:43","guid":{"rendered":"https:\/\/trasimenomusicfestival.com\/?post_type=tribe_events&#038;p=8716"},"modified":"2023-07-03T12:09:37","modified_gmt":"2023-07-03T11:09:37","slug":"bach-and-beethoven-with-schmid-and-hewitt","status":"publish","type":"tribe_events","link":"https:\/\/trasimenomusicfestival.com\/it\/event\/bach-and-beethoven-with-schmid-and-hewitt\/","title":{"rendered":"Bach e Beethoven con Schmid e Hewitt"},"content":{"rendered":"<span style=\"color:#741213;\">SOLD OUT<\/span><\/p>\n<p>Benjamin Schmid, violino<br \/>\nAngela Hewitt, pianoforte<\/p>\n<p><em>Bach: Sonata per violino e pianoforte n. 5 in Fa minore, BWV 1018<br \/>\nBach: Dal Clavicembalo ben temperato, libro I:<br \/>\n&#8211; Preludio e fuga n. 11 in fa maggiore<br \/>\n&#8211; Preludio e fuga n. 12 in fa minore<br \/>\nBach: Sonata n. 1 in sol minore per violino solo, BWV 1001<br \/>\nBach: Dal Clavicembalo ben temperato, libro I:<br \/>\n&#8211; Preludio e fuga n. 7 in mi bemolle maggiore BWV 852<br \/>\n&#8211; Preludio e fuga n. 8 in mi bemolle minore BWV 853<br \/>\nBeethoven: Sonata per violino e pianoforte in mi bemolle maggiore, op. 12 n. 3<\/em><\/p>\n<p>Dopo essersi incontrati l&#8217;anno scorso in occasione di un festival musicale a Graz (nel corso del quale Benjamin Schmid e colleghi hanno improvvisato sulle Variazioni Goldberg di Bach dopo l&#8217;esecuzione di Angela Hewitt), Benjamin e Angela hanno deciso che avrebbero dovuto suonare un po&#8217; di Bach insieme. Dal suo debutto al Festival di Salisburgo come partner solista di Sir Yehudi Menuhin nel 1986, Benjamin \u00e8 diventato uno dei violinisti pi\u00f9 importanti del nostro tempo, con un&#8217;intensa attivit\u00e0 concertistica internazionale che abbraccia gi\u00e0 quattro decenni. Sar\u00e0 una vera gioia ascoltarli insieme in questa nuova sede per il festival: l&#8217;antico Tempio di San Michele Arcangelo a Perugia.<\/p>\n<p>Concerto senza intervallo","protected":false},"excerpt":{"rendered":"<p>Benjamin Schmid, violino<br \/>\nAngela Hewitt, pianoforte<br \/>\n<em>Bach, Beethoven<\/em><\/p>\n<a class=\"readmore\" href=\"https:\/\/trasimenomusicfestival.com\/it\/event\/bach-and-beethoven-with-schmid-and-hewitt\/\"><span>leggi tutto<\/span><\/a>","protected":false},"author":2,"featured_media":8729,"comment_status":"closed","ping_status":"closed","template":"","meta":{"_monsterinsights_skip_tracking":false,"_monsterinsights_sitenote_active":false,"_monsterinsights_sitenote_note":"","_monsterinsights_sitenote_category":0,"_tribe_events_status":"","_tribe_events_status_reason":"","footnotes":""},"tags":[],"tribe_events_cat":[134],"class_list":["post-8716","tribe_events","type-tribe_events","status-publish","has-post-thumbnail","hentry","tribe_events_cat-trasimeno-2023","cat_trasimeno-2023"],"yoast_head":"<!-- This site is optimized with the Yoast SEO plugin v27.5 - https:\/\/yoast.com\/product\/yoast-seo-wordpress\/ -->\n<title>Bach and Beethoven with Schmid and Hewitt - Trasimeno Music Festival<\/title>\n<meta name=\"description\" content=\"Benjamin Schmid, violin; Angela Hewitt, piano \/ Bach, Beethoven\" \/>\n<meta name=\"robots\" content=\"index, follow, max-snippet:-1, max-image-preview:large, max-video-preview:-1\" \/>\n<link rel=\"canonical\" href=\"https:\/\/trasimenomusicfestival.com\/event\/bach-and-beethoven-with-schmid-and-hewitt\/\" \/>\n<meta name=\"twitter:card\" content=\"summary_large_image\" \/>\n<meta name=\"twitter:title\" content=\"Bach and Beethoven with Schmid and Hewitt - Trasimeno Music Festival\" \/>\n<meta name=\"twitter:description\" content=\"Benjamin Schmid, violin; Angela Hewitt, piano \/ Bach, Beethoven\" \/>\n<meta name=\"twitter:image\" content=\"https:\/\/trasimenomusicfestival.com\/os\/wp-content\/uploads\/2023\/01\/TMF23_07-AngelaBenjiamin.jpg\" \/>\n<meta name=\"twitter:site\" content=\"@TrasimenoMusic\" \/>\n<meta name=\"twitter:label1\" content=\"Tempo di lettura stimato\" \/>\n\t<meta name=\"twitter:data1\" content=\"2 minuti\" \/>\n<script type=\"application\/ld+json\" class=\"yoast-schema-graph\">{\"@context\":\"https:\\\/\\\/schema.org\",\"@graph\":[{\"@type\":\"WebPage\",\"@id\":\"https:\\\/\\\/trasimenomusicfestival.com\\\/event\\\/bach-and-beethoven-with-schmid-and-hewitt\\\/\",\"url\":\"https:\\\/\\\/trasimenomusicfestival.com\\\/event\\\/bach-and-beethoven-with-schmid-and-hewitt\\\/\",\"name\":\"Bach and Beethoven with Schmid and Hewitt - Trasimeno Music Festival\",\"isPartOf\":{\"@id\":\"https:\\\/\\\/trasimenomusicfestival.com\\\/#website\"},\"primaryImageOfPage\":{\"@id\":\"https:\\\/\\\/trasimenomusicfestival.com\\\/event\\\/bach-and-beethoven-with-schmid-and-hewitt\\\/#primaryimage\"},\"image\":{\"@id\":\"https:\\\/\\\/trasimenomusicfestival.com\\\/event\\\/bach-and-beethoven-with-schmid-and-hewitt\\\/#primaryimage\"},\"thumbnailUrl\":\"https:\\\/\\\/trasimenomusicfestival.com\\\/os\\\/wp-content\\\/uploads\\\/2023\\\/01\\\/TMF23_07-AngelaBenjiamin.jpg\",\"datePublished\":\"2023-01-10T09:46:43+00:00\",\"dateModified\":\"2023-07-03T11:09:37+00:00\",\"description\":\"Benjamin Schmid, violin; Angela Hewitt, piano \\\/ Bach, Beethoven\",\"breadcrumb\":{\"@id\":\"https:\\\/\\\/trasimenomusicfestival.com\\\/event\\\/bach-and-beethoven-with-schmid-and-hewitt\\\/#breadcrumb\"},\"inLanguage\":\"it-IT\",\"potentialAction\":[{\"@type\":\"ReadAction\",\"target\":[\"https:\\\/\\\/trasimenomusicfestival.com\\\/event\\\/bach-and-beethoven-with-schmid-and-hewitt\\\/\"]}]},{\"@type\":\"ImageObject\",\"inLanguage\":\"it-IT\",\"@id\":\"https:\\\/\\\/trasimenomusicfestival.com\\\/event\\\/bach-and-beethoven-with-schmid-and-hewitt\\\/#primaryimage\",\"url\":\"https:\\\/\\\/trasimenomusicfestival.com\\\/os\\\/wp-content\\\/uploads\\\/2023\\\/01\\\/TMF23_07-AngelaBenjiamin.jpg\",\"contentUrl\":\"https:\\\/\\\/trasimenomusicfestival.com\\\/os\\\/wp-content\\\/uploads\\\/2023\\\/01\\\/TMF23_07-AngelaBenjiamin.jpg\",\"width\":640,\"height\":280},{\"@type\":\"BreadcrumbList\",\"@id\":\"https:\\\/\\\/trasimenomusicfestival.com\\\/event\\\/bach-and-beethoven-with-schmid-and-hewitt\\\/#breadcrumb\",\"itemListElement\":[{\"@type\":\"ListItem\",\"position\":1,\"name\":\"Home\",\"item\":\"https:\\\/\\\/trasimenomusicfestival.com\\\/\"},{\"@type\":\"ListItem\",\"position\":2,\"name\":\"Events\",\"item\":\"https:\\\/\\\/trasimenomusicfestival.com\\\/it\\\/events\\\/\"},{\"@type\":\"ListItem\",\"position\":3,\"name\":\"Bach and Beethoven with Schmid and Hewitt\"}]},{\"@type\":\"WebSite\",\"@id\":\"https:\\\/\\\/trasimenomusicfestival.com\\\/#website\",\"url\":\"https:\\\/\\\/trasimenomusicfestival.com\\\/\",\"name\":\"Trasimeno Music Festival\",\"description\":\"Concerti estivi in Umbria e sulle rive del Lago Trasimeno.\",\"publisher\":{\"@id\":\"https:\\\/\\\/trasimenomusicfestival.com\\\/#organization\"},\"potentialAction\":[{\"@type\":\"SearchAction\",\"target\":{\"@type\":\"EntryPoint\",\"urlTemplate\":\"https:\\\/\\\/trasimenomusicfestival.com\\\/?s={search_term_string}\"},\"query-input\":{\"@type\":\"PropertyValueSpecification\",\"valueRequired\":true,\"valueName\":\"search_term_string\"}}],\"inLanguage\":\"it-IT\"},{\"@type\":\"Organization\",\"@id\":\"https:\\\/\\\/trasimenomusicfestival.com\\\/#organization\",\"name\":\"Trasimeno Music Festival\",\"url\":\"https:\\\/\\\/trasimenomusicfestival.com\\\/\",\"logo\":{\"@type\":\"ImageObject\",\"inLanguage\":\"it-IT\",\"@id\":\"https:\\\/\\\/trasimenomusicfestival.com\\\/#\\\/schema\\\/logo\\\/image\\\/\",\"url\":\"https:\\\/\\\/trasimenomusicfestival.com\\\/os\\\/wp-content\\\/uploads\\\/2018\\\/08\\\/TMF-logo.jpg\",\"contentUrl\":\"https:\\\/\\\/trasimenomusicfestival.com\\\/os\\\/wp-content\\\/uploads\\\/2018\\\/08\\\/TMF-logo.jpg\",\"width\":1280,\"height\":854,\"caption\":\"Trasimeno Music Festival\"},\"image\":{\"@id\":\"https:\\\/\\\/trasimenomusicfestival.com\\\/#\\\/schema\\\/logo\\\/image\\\/\"},\"sameAs\":[\"https:\\\/\\\/www.facebook.com\\\/pages\\\/Trasimeno-Music-Festival\\\/133308716785209\",\"https:\\\/\\\/x.com\\\/TrasimenoMusic\",\"https:\\\/\\\/www.youtube.com\\\/channel\\\/UC-FOdrJ8yYapx2cweIM3fYA\"]}]}<\/script>\n<!-- \/ Yoast SEO plugin. -->","yoast_head_json":{"title":"Bach and Beethoven with Schmid and Hewitt - Trasimeno Music Festival","description":"Benjamin Schmid, violin; Angela Hewitt, piano \/ Bach, Beethoven","robots":{"index":"index","follow":"follow","max-snippet":"max-snippet:-1","max-image-preview":"max-image-preview:large","max-video-preview":"max-video-preview:-1"},"canonical":"https:\/\/trasimenomusicfestival.com\/event\/bach-and-beethoven-with-schmid-and-hewitt\/","twitter_card":"summary_large_image","twitter_title":"Bach and Beethoven with Schmid and Hewitt - Trasimeno Music Festival","twitter_description":"Benjamin Schmid, violin; Angela Hewitt, piano \/ Bach, Beethoven","twitter_image":"https:\/\/trasimenomusicfestival.com\/os\/wp-content\/uploads\/2023\/01\/TMF23_07-AngelaBenjiamin.jpg","twitter_site":"@TrasimenoMusic","twitter_misc":{"Tempo di lettura stimato":"2 minuti"},"schema":{"@context":"https:\/\/schema.org","@graph":[{"@type":"WebPage","@id":"https:\/\/trasimenomusicfestival.com\/event\/bach-and-beethoven-with-schmid-and-hewitt\/","url":"https:\/\/trasimenomusicfestival.com\/event\/bach-and-beethoven-with-schmid-and-hewitt\/","name":"Bach and Beethoven with Schmid and Hewitt - Trasimeno Music Festival","isPartOf":{"@id":"https:\/\/trasimenomusicfestival.com\/#website"},"primaryImageOfPage":{"@id":"https:\/\/trasimenomusicfestival.com\/event\/bach-and-beethoven-with-schmid-and-hewitt\/#primaryimage"},"image":{"@id":"https:\/\/trasimenomusicfestival.com\/event\/bach-and-beethoven-with-schmid-and-hewitt\/#primaryimage"},"thumbnailUrl":"https:\/\/trasimenomusicfestival.com\/os\/wp-content\/uploads\/2023\/01\/TMF23_07-AngelaBenjiamin.jpg","datePublished":"2023-01-10T09:46:43+00:00","dateModified":"2023-07-03T11:09:37+00:00","description":"Benjamin Schmid, violin; Angela Hewitt, piano \/ Bach, Beethoven","breadcrumb":{"@id":"https:\/\/trasimenomusicfestival.com\/event\/bach-and-beethoven-with-schmid-and-hewitt\/#breadcrumb"},"inLanguage":"it-IT","potentialAction":[{"@type":"ReadAction","target":["https:\/\/trasimenomusicfestival.com\/event\/bach-and-beethoven-with-schmid-and-hewitt\/"]}]},{"@type":"ImageObject","inLanguage":"it-IT","@id":"https:\/\/trasimenomusicfestival.com\/event\/bach-and-beethoven-with-schmid-and-hewitt\/#primaryimage","url":"https:\/\/trasimenomusicfestival.com\/os\/wp-content\/uploads\/2023\/01\/TMF23_07-AngelaBenjiamin.jpg","contentUrl":"https:\/\/trasimenomusicfestival.com\/os\/wp-content\/uploads\/2023\/01\/TMF23_07-AngelaBenjiamin.jpg","width":640,"height":280},{"@type":"BreadcrumbList","@id":"https:\/\/trasimenomusicfestival.com\/event\/bach-and-beethoven-with-schmid-and-hewitt\/#breadcrumb","itemListElement":[{"@type":"ListItem","position":1,"name":"Home","item":"https:\/\/trasimenomusicfestival.com\/"},{"@type":"ListItem","position":2,"name":"Events","item":"https:\/\/trasimenomusicfestival.com\/it\/events\/"},{"@type":"ListItem","position":3,"name":"Bach and Beethoven with Schmid and Hewitt"}]},{"@type":"WebSite","@id":"https:\/\/trasimenomusicfestival.com\/#website","url":"https:\/\/trasimenomusicfestival.com\/","name":"Trasimeno Music Festival","description":"Concerti estivi in Umbria e sulle rive del Lago Trasimeno.","publisher":{"@id":"https:\/\/trasimenomusicfestival.com\/#organization"},"potentialAction":[{"@type":"SearchAction","target":{"@type":"EntryPoint","urlTemplate":"https:\/\/trasimenomusicfestival.com\/?s={search_term_string}"},"query-input":{"@type":"PropertyValueSpecification","valueRequired":true,"valueName":"search_term_string"}}],"inLanguage":"it-IT"},{"@type":"Organization","@id":"https:\/\/trasimenomusicfestival.com\/#organization","name":"Trasimeno Music Festival","url":"https:\/\/trasimenomusicfestival.com\/","logo":{"@type":"ImageObject","inLanguage":"it-IT","@id":"https:\/\/trasimenomusicfestival.com\/#\/schema\/logo\/image\/","url":"https:\/\/trasimenomusicfestival.com\/os\/wp-content\/uploads\/2018\/08\/TMF-logo.jpg","contentUrl":"https:\/\/trasimenomusicfestival.com\/os\/wp-content\/uploads\/2018\/08\/TMF-logo.jpg","width":1280,"height":854,"caption":"Trasimeno Music Festival"},"image":{"@id":"https:\/\/trasimenomusicfestival.com\/#\/schema\/logo\/image\/"},"sameAs":["https:\/\/www.facebook.com\/pages\/Trasimeno-Music-Festival\/133308716785209","https:\/\/x.com\/TrasimenoMusic","https:\/\/www.youtube.com\/channel\/UC-FOdrJ8yYapx2cweIM3fYA"]}]}},"_links":{"self":[{"href":"https:\/\/trasimenomusicfestival.com\/it\/wp-json\/wp\/v2\/tribe_events\/8716","targetHints":{"allow":["GET"]}}],"collection":[{"href":"https:\/\/trasimenomusicfestival.com\/it\/wp-json\/wp\/v2\/tribe_events"}],"about":[{"href":"https:\/\/trasimenomusicfestival.com\/it\/wp-json\/wp\/v2\/types\/tribe_events"}],"author":[{"embeddable":true,"href":"https:\/\/trasimenomusicfestival.com\/it\/wp-json\/wp\/v2\/users\/2"}],"replies":[{"embeddable":true,"href":"https:\/\/trasimenomusicfestival.com\/it\/wp-json\/wp\/v2\/comments?post=8716"}],"version-history":[{"count":7,"href":"https:\/\/trasimenomusicfestival.com\/it\/wp-json\/wp\/v2\/tribe_events\/8716\/revisions"}],"predecessor-version":[{"id":9581,"href":"https:\/\/trasimenomusicfestival.com\/it\/wp-json\/wp\/v2\/tribe_events\/8716\/revisions\/9581"}],"wp:featuredmedia":[{"embeddable":true,"href":"https:\/\/trasimenomusicfestival.com\/it\/wp-json\/wp\/v2\/media\/8729"}],"wp:attachment":[{"href":"https:\/\/trasimenomusicfestival.com\/it\/wp-json\/wp\/v2\/media?parent=8716"}],"wp:term":[{"taxonomy":"post_tag","embeddable":true,"href":"https:\/\/trasimenomusicfestival.com\/it\/wp-json\/wp\/v2\/tags?post=8716"},{"taxonomy":"tribe_events_cat","embeddable":true,"href":"https:\/\/trasimenomusicfestival.com\/it\/wp-json\/wp\/v2\/tribe_events_cat?post=8716"}],"curies":[{"name":"wp","href":"https:\/\/api.w.org\/{rel}","templated":true}]}}

<span style="color:#741213;">SOLD OUT</span></p>
<p>Benjamin Schmid, violino<br />
Angela Hewitt, pianoforte</p>
<p><em>Bach: Sonata per violino e pianoforte n. 5 in Fa minore, BWV 1018<br />
Bach: Dal Clavicembalo ben temperato, libro I:<br />
&#8211; Preludio e fuga n. 11 in fa maggiore<br />
&#8211; Preludio e fuga n. 12 in fa minore<br />
Bach: Sonata n. 1 in sol minore per violino solo, BWV 1001<br />
Bach: Dal Clavicembalo ben temperato, libro I:<br />
&#8211; Preludio e fuga n. 7 in mi bemolle maggiore BWV 852<br />
&#8211; Preludio e fuga n. 8 in mi bemolle minore BWV 853<br />
Beethoven: Sonata per violino e pianoforte in mi bemolle maggiore, op. 12 n. 3</em></p>
<p>Dopo essersi incontrati l&#8217;anno scorso in occasione di un festival musicale a Graz (nel corso del quale Benjamin Schmid e colleghi hanno improvvisato sulle Variazioni Goldberg di Bach dopo l&#8217;esecuzione di Angela Hewitt), Benjamin e Angela hanno deciso che avrebbero dovuto suonare un po&#8217; di Bach insieme. Dal suo debutto al Festival di Salisburgo come partner solista di Sir Yehudi Menuhin nel 1986, Benjamin è diventato uno dei violinisti più importanti del nostro tempo, con un&#8217;intensa attività concertistica internazionale che abbraccia già quattro decenni. Sarà una vera gioia ascoltarli insieme in questa nuova sede per il festival: l&#8217;antico Tempio di San Michele Arcangelo a Perugia.</p>
<p>Concerto senza intervallo
