{"id":8711,"date":"2023-01-10T09:17:52","date_gmt":"2023-01-10T09:17:52","guid":{"rendered":"https:\/\/trasimenomusicfestival.com\/?post_type=tribe_events&#038;p=8711"},"modified":"2023-06-17T11:14:02","modified_gmt":"2023-06-17T10:14:02","slug":"opening-concert-angela-hewitt-in-recital","status":"publish","type":"tribe_events","link":"https:\/\/trasimenomusicfestival.com\/it\/event\/opening-concert-angela-hewitt-in-recital\/","title":{"rendered":"Concerto d&#8217;apertura: Angela Hewitt in recital"},"content":{"rendered":"<span style=\"color:#741213;\">SOLD OUT<\/span><\/p>\n<p>Angela Hewitt, pianoforte<\/p>\n<p><em>Bach: Suite francese n. 5 in sol maggiore, BWV816<br \/>\nBeethoven: Sonata in re maggiore, op. 10 n. 3<br \/>\nMozart: Fantasia in do minore, K475<br \/>\nBeethoven: Sonata in do minore, op. 111<\/em><\/p>\n<p>L&#8217;Oratorio di San Francesco dei Nobili a Perugia \u00e8 un luogo molto intimo, un vero gioiello, e far\u00e0 da sfondo a quella che sar\u00e0 sicuramente un&#8217;indimenticabile serata di grande musica pianistica. Dopo i capolavori di Bach, Mozart e del giovane Beethoven, Angela Hewitt eseguir\u00e0 l&#8217;ultima sonata per pianoforte di Beethoven, la sonata op. 111, il cui secondo (e ultimo) movimento \u00e8 un glorioso canto di gratitudine, scaturito dal profondo del cuore del compositore, colmo di riconoscenza.<\/p>\n<p>Concerto senza intervallo<\/p>\n<p>Cena di gala dopo il concerto nei giardini dell\u2019Oratorio di San Francesco dei Nobili, Perugia","protected":false},"excerpt":{"rendered":"<p>Angela Hewitt, pianoforte<br \/>\n<em>Bach, Mozart, Beethoven<\/em><br \/>\nCena di gala dopo il concerto nei giardini dell&#8217;Oratorio di San Francesco dei Nobili, Perugia<\/p>\n<a class=\"readmore\" href=\"https:\/\/trasimenomusicfestival.com\/it\/event\/opening-concert-angela-hewitt-in-recital\/\"><span>leggi tutto<\/span><\/a>","protected":false},"author":2,"featured_media":8719,"comment_status":"closed","ping_status":"closed","template":"","meta":{"_monsterinsights_skip_tracking":false,"_monsterinsights_sitenote_active":false,"_monsterinsights_sitenote_note":"","_monsterinsights_sitenote_category":0,"_tribe_events_status":"","_tribe_events_status_reason":"","footnotes":""},"tags":[],"tribe_events_cat":[134],"class_list":["post-8711","tribe_events","type-tribe_events","status-publish","has-post-thumbnail","hentry","tribe_events_cat-trasimeno-2023","cat_trasimeno-2023"],"yoast_head":"<!-- This site is optimized with the Yoast SEO plugin v27.5 - https:\/\/yoast.com\/product\/yoast-seo-wordpress\/ -->\n<title>Opening concert: Angela Hewitt in recital - Trasimeno Music Festival<\/title>\n<meta name=\"description\" content=\"Angela Hewitt, piano \/ Bach, Mozart, Beethoven \/ Gala Dinner following the concert in the gardens of the Oratorio di San Francesco dei Nobili, Perugia\" \/>\n<meta name=\"robots\" content=\"index, follow, max-snippet:-1, max-image-preview:large, max-video-preview:-1\" \/>\n<link rel=\"canonical\" href=\"https:\/\/trasimenomusicfestival.com\/event\/opening-concert-angela-hewitt-in-recital\/\" \/>\n<meta name=\"twitter:card\" content=\"summary_large_image\" \/>\n<meta name=\"twitter:title\" content=\"Opening concert: Angela Hewitt in recital - Trasimeno Music Festival\" \/>\n<meta name=\"twitter:description\" content=\"Angela Hewitt, piano \/ Bach, Mozart, Beethoven \/ Gala Dinner following the concert in the gardens of the Oratorio di San Francesco dei Nobili, Perugia\" \/>\n<meta name=\"twitter:image\" content=\"https:\/\/trasimenomusicfestival.com\/os\/wp-content\/uploads\/2023\/01\/TMF23_01-Angela-Hewitt-in-recital-oratorio.jpg\" \/>\n<meta name=\"twitter:site\" content=\"@TrasimenoMusic\" \/>\n<meta name=\"twitter:label1\" content=\"Tempo di lettura stimato\" \/>\n\t<meta name=\"twitter:data1\" content=\"1 minuto\" \/>\n<script type=\"application\/ld+json\" class=\"yoast-schema-graph\">{\"@context\":\"https:\\\/\\\/schema.org\",\"@graph\":[{\"@type\":\"WebPage\",\"@id\":\"https:\\\/\\\/trasimenomusicfestival.com\\\/event\\\/opening-concert-angela-hewitt-in-recital\\\/\",\"url\":\"https:\\\/\\\/trasimenomusicfestival.com\\\/event\\\/opening-concert-angela-hewitt-in-recital\\\/\",\"name\":\"Opening concert: Angela Hewitt in recital - Trasimeno Music Festival\",\"isPartOf\":{\"@id\":\"https:\\\/\\\/trasimenomusicfestival.com\\\/#website\"},\"primaryImageOfPage\":{\"@id\":\"https:\\\/\\\/trasimenomusicfestival.com\\\/event\\\/opening-concert-angela-hewitt-in-recital\\\/#primaryimage\"},\"image\":{\"@id\":\"https:\\\/\\\/trasimenomusicfestival.com\\\/event\\\/opening-concert-angela-hewitt-in-recital\\\/#primaryimage\"},\"thumbnailUrl\":\"https:\\\/\\\/trasimenomusicfestival.com\\\/os\\\/wp-content\\\/uploads\\\/2023\\\/01\\\/TMF23_01-Angela-Hewitt-in-recital-oratorio.jpg\",\"datePublished\":\"2023-01-10T09:17:52+00:00\",\"dateModified\":\"2023-06-17T10:14:02+00:00\",\"description\":\"Angela Hewitt, piano \\\/ Bach, Mozart, Beethoven \\\/ Gala Dinner following the concert in the gardens of the Oratorio di San Francesco dei Nobili, Perugia\",\"breadcrumb\":{\"@id\":\"https:\\\/\\\/trasimenomusicfestival.com\\\/event\\\/opening-concert-angela-hewitt-in-recital\\\/#breadcrumb\"},\"inLanguage\":\"it-IT\",\"potentialAction\":[{\"@type\":\"ReadAction\",\"target\":[\"https:\\\/\\\/trasimenomusicfestival.com\\\/event\\\/opening-concert-angela-hewitt-in-recital\\\/\"]}]},{\"@type\":\"ImageObject\",\"inLanguage\":\"it-IT\",\"@id\":\"https:\\\/\\\/trasimenomusicfestival.com\\\/event\\\/opening-concert-angela-hewitt-in-recital\\\/#primaryimage\",\"url\":\"https:\\\/\\\/trasimenomusicfestival.com\\\/os\\\/wp-content\\\/uploads\\\/2023\\\/01\\\/TMF23_01-Angela-Hewitt-in-recital-oratorio.jpg\",\"contentUrl\":\"https:\\\/\\\/trasimenomusicfestival.com\\\/os\\\/wp-content\\\/uploads\\\/2023\\\/01\\\/TMF23_01-Angela-Hewitt-in-recital-oratorio.jpg\",\"width\":640,\"height\":280},{\"@type\":\"BreadcrumbList\",\"@id\":\"https:\\\/\\\/trasimenomusicfestival.com\\\/event\\\/opening-concert-angela-hewitt-in-recital\\\/#breadcrumb\",\"itemListElement\":[{\"@type\":\"ListItem\",\"position\":1,\"name\":\"Home\",\"item\":\"https:\\\/\\\/trasimenomusicfestival.com\\\/\"},{\"@type\":\"ListItem\",\"position\":2,\"name\":\"Events\",\"item\":\"https:\\\/\\\/trasimenomusicfestival.com\\\/it\\\/events\\\/\"},{\"@type\":\"ListItem\",\"position\":3,\"name\":\"Opening concert: Angela Hewitt in recital\"}]},{\"@type\":\"WebSite\",\"@id\":\"https:\\\/\\\/trasimenomusicfestival.com\\\/#website\",\"url\":\"https:\\\/\\\/trasimenomusicfestival.com\\\/\",\"name\":\"Trasimeno Music Festival\",\"description\":\"Concerti estivi in Umbria e sulle rive del Lago Trasimeno.\",\"publisher\":{\"@id\":\"https:\\\/\\\/trasimenomusicfestival.com\\\/#organization\"},\"potentialAction\":[{\"@type\":\"SearchAction\",\"target\":{\"@type\":\"EntryPoint\",\"urlTemplate\":\"https:\\\/\\\/trasimenomusicfestival.com\\\/?s={search_term_string}\"},\"query-input\":{\"@type\":\"PropertyValueSpecification\",\"valueRequired\":true,\"valueName\":\"search_term_string\"}}],\"inLanguage\":\"it-IT\"},{\"@type\":\"Organization\",\"@id\":\"https:\\\/\\\/trasimenomusicfestival.com\\\/#organization\",\"name\":\"Trasimeno Music Festival\",\"url\":\"https:\\\/\\\/trasimenomusicfestival.com\\\/\",\"logo\":{\"@type\":\"ImageObject\",\"inLanguage\":\"it-IT\",\"@id\":\"https:\\\/\\\/trasimenomusicfestival.com\\\/#\\\/schema\\\/logo\\\/image\\\/\",\"url\":\"https:\\\/\\\/trasimenomusicfestival.com\\\/os\\\/wp-content\\\/uploads\\\/2018\\\/08\\\/TMF-logo.jpg\",\"contentUrl\":\"https:\\\/\\\/trasimenomusicfestival.com\\\/os\\\/wp-content\\\/uploads\\\/2018\\\/08\\\/TMF-logo.jpg\",\"width\":1280,\"height\":854,\"caption\":\"Trasimeno Music Festival\"},\"image\":{\"@id\":\"https:\\\/\\\/trasimenomusicfestival.com\\\/#\\\/schema\\\/logo\\\/image\\\/\"},\"sameAs\":[\"https:\\\/\\\/www.facebook.com\\\/pages\\\/Trasimeno-Music-Festival\\\/133308716785209\",\"https:\\\/\\\/x.com\\\/TrasimenoMusic\",\"https:\\\/\\\/www.youtube.com\\\/channel\\\/UC-FOdrJ8yYapx2cweIM3fYA\"]}]}<\/script>\n<!-- \/ Yoast SEO plugin. -->","yoast_head_json":{"title":"Opening concert: Angela Hewitt in recital - Trasimeno Music Festival","description":"Angela Hewitt, piano \/ Bach, Mozart, Beethoven \/ Gala Dinner following the concert in the gardens of the Oratorio di San Francesco dei Nobili, Perugia","robots":{"index":"index","follow":"follow","max-snippet":"max-snippet:-1","max-image-preview":"max-image-preview:large","max-video-preview":"max-video-preview:-1"},"canonical":"https:\/\/trasimenomusicfestival.com\/event\/opening-concert-angela-hewitt-in-recital\/","twitter_card":"summary_large_image","twitter_title":"Opening concert: Angela Hewitt in recital - Trasimeno Music Festival","twitter_description":"Angela Hewitt, piano \/ Bach, Mozart, Beethoven \/ Gala Dinner following the concert in the gardens of the Oratorio di San Francesco dei Nobili, Perugia","twitter_image":"https:\/\/trasimenomusicfestival.com\/os\/wp-content\/uploads\/2023\/01\/TMF23_01-Angela-Hewitt-in-recital-oratorio.jpg","twitter_site":"@TrasimenoMusic","twitter_misc":{"Tempo di lettura stimato":"1 minuto"},"schema":{"@context":"https:\/\/schema.org","@graph":[{"@type":"WebPage","@id":"https:\/\/trasimenomusicfestival.com\/event\/opening-concert-angela-hewitt-in-recital\/","url":"https:\/\/trasimenomusicfestival.com\/event\/opening-concert-angela-hewitt-in-recital\/","name":"Opening concert: Angela Hewitt in recital - Trasimeno Music Festival","isPartOf":{"@id":"https:\/\/trasimenomusicfestival.com\/#website"},"primaryImageOfPage":{"@id":"https:\/\/trasimenomusicfestival.com\/event\/opening-concert-angela-hewitt-in-recital\/#primaryimage"},"image":{"@id":"https:\/\/trasimenomusicfestival.com\/event\/opening-concert-angela-hewitt-in-recital\/#primaryimage"},"thumbnailUrl":"https:\/\/trasimenomusicfestival.com\/os\/wp-content\/uploads\/2023\/01\/TMF23_01-Angela-Hewitt-in-recital-oratorio.jpg","datePublished":"2023-01-10T09:17:52+00:00","dateModified":"2023-06-17T10:14:02+00:00","description":"Angela Hewitt, piano \/ Bach, Mozart, Beethoven \/ Gala Dinner following the concert in the gardens of the Oratorio di San Francesco dei Nobili, Perugia","breadcrumb":{"@id":"https:\/\/trasimenomusicfestival.com\/event\/opening-concert-angela-hewitt-in-recital\/#breadcrumb"},"inLanguage":"it-IT","potentialAction":[{"@type":"ReadAction","target":["https:\/\/trasimenomusicfestival.com\/event\/opening-concert-angela-hewitt-in-recital\/"]}]},{"@type":"ImageObject","inLanguage":"it-IT","@id":"https:\/\/trasimenomusicfestival.com\/event\/opening-concert-angela-hewitt-in-recital\/#primaryimage","url":"https:\/\/trasimenomusicfestival.com\/os\/wp-content\/uploads\/2023\/01\/TMF23_01-Angela-Hewitt-in-recital-oratorio.jpg","contentUrl":"https:\/\/trasimenomusicfestival.com\/os\/wp-content\/uploads\/2023\/01\/TMF23_01-Angela-Hewitt-in-recital-oratorio.jpg","width":640,"height":280},{"@type":"BreadcrumbList","@id":"https:\/\/trasimenomusicfestival.com\/event\/opening-concert-angela-hewitt-in-recital\/#breadcrumb","itemListElement":[{"@type":"ListItem","position":1,"name":"Home","item":"https:\/\/trasimenomusicfestival.com\/"},{"@type":"ListItem","position":2,"name":"Events","item":"https:\/\/trasimenomusicfestival.com\/it\/events\/"},{"@type":"ListItem","position":3,"name":"Opening concert: Angela Hewitt in recital"}]},{"@type":"WebSite","@id":"https:\/\/trasimenomusicfestival.com\/#website","url":"https:\/\/trasimenomusicfestival.com\/","name":"Trasimeno Music Festival","description":"Concerti estivi in Umbria e sulle rive del Lago Trasimeno.","publisher":{"@id":"https:\/\/trasimenomusicfestival.com\/#organization"},"potentialAction":[{"@type":"SearchAction","target":{"@type":"EntryPoint","urlTemplate":"https:\/\/trasimenomusicfestival.com\/?s={search_term_string}"},"query-input":{"@type":"PropertyValueSpecification","valueRequired":true,"valueName":"search_term_string"}}],"inLanguage":"it-IT"},{"@type":"Organization","@id":"https:\/\/trasimenomusicfestival.com\/#organization","name":"Trasimeno Music Festival","url":"https:\/\/trasimenomusicfestival.com\/","logo":{"@type":"ImageObject","inLanguage":"it-IT","@id":"https:\/\/trasimenomusicfestival.com\/#\/schema\/logo\/image\/","url":"https:\/\/trasimenomusicfestival.com\/os\/wp-content\/uploads\/2018\/08\/TMF-logo.jpg","contentUrl":"https:\/\/trasimenomusicfestival.com\/os\/wp-content\/uploads\/2018\/08\/TMF-logo.jpg","width":1280,"height":854,"caption":"Trasimeno Music Festival"},"image":{"@id":"https:\/\/trasimenomusicfestival.com\/#\/schema\/logo\/image\/"},"sameAs":["https:\/\/www.facebook.com\/pages\/Trasimeno-Music-Festival\/133308716785209","https:\/\/x.com\/TrasimenoMusic","https:\/\/www.youtube.com\/channel\/UC-FOdrJ8yYapx2cweIM3fYA"]}]}},"_links":{"self":[{"href":"https:\/\/trasimenomusicfestival.com\/it\/wp-json\/wp\/v2\/tribe_events\/8711","targetHints":{"allow":["GET"]}}],"collection":[{"href":"https:\/\/trasimenomusicfestival.com\/it\/wp-json\/wp\/v2\/tribe_events"}],"about":[{"href":"https:\/\/trasimenomusicfestival.com\/it\/wp-json\/wp\/v2\/types\/tribe_events"}],"author":[{"embeddable":true,"href":"https:\/\/trasimenomusicfestival.com\/it\/wp-json\/wp\/v2\/users\/2"}],"replies":[{"embeddable":true,"href":"https:\/\/trasimenomusicfestival.com\/it\/wp-json\/wp\/v2\/comments?post=8711"}],"version-history":[{"count":8,"href":"https:\/\/trasimenomusicfestival.com\/it\/wp-json\/wp\/v2\/tribe_events\/8711\/revisions"}],"predecessor-version":[{"id":9326,"href":"https:\/\/trasimenomusicfestival.com\/it\/wp-json\/wp\/v2\/tribe_events\/8711\/revisions\/9326"}],"wp:featuredmedia":[{"embeddable":true,"href":"https:\/\/trasimenomusicfestival.com\/it\/wp-json\/wp\/v2\/media\/8719"}],"wp:attachment":[{"href":"https:\/\/trasimenomusicfestival.com\/it\/wp-json\/wp\/v2\/media?parent=8711"}],"wp:term":[{"taxonomy":"post_tag","embeddable":true,"href":"https:\/\/trasimenomusicfestival.com\/it\/wp-json\/wp\/v2\/tags?post=8711"},{"taxonomy":"tribe_events_cat","embeddable":true,"href":"https:\/\/trasimenomusicfestival.com\/it\/wp-json\/wp\/v2\/tribe_events_cat?post=8711"}],"curies":[{"name":"wp","href":"https:\/\/api.w.org\/{rel}","templated":true}]}}

<span style="color:#741213;">SOLD OUT</span></p>
<p>Angela Hewitt, pianoforte</p>
<p><em>Bach: Suite francese n. 5 in sol maggiore, BWV816<br />
Beethoven: Sonata in re maggiore, op. 10 n. 3<br />
Mozart: Fantasia in do minore, K475<br />
Beethoven: Sonata in do minore, op. 111</em></p>
<p>L&#8217;Oratorio di San Francesco dei Nobili a Perugia è un luogo molto intimo, un vero gioiello, e farà da sfondo a quella che sarà sicuramente un&#8217;indimenticabile serata di grande musica pianistica. Dopo i capolavori di Bach, Mozart e del giovane Beethoven, Angela Hewitt eseguirà l&#8217;ultima sonata per pianoforte di Beethoven, la sonata op. 111, il cui secondo (e ultimo) movimento è un glorioso canto di gratitudine, scaturito dal profondo del cuore del compositore, colmo di riconoscenza.</p>
<p>Concerto senza intervallo</p>
<p>Cena di gala dopo il concerto nei giardini dell’Oratorio di San Francesco dei Nobili, Perugia
